prime factors of 61402.
2, 11, 2791
List the prime factors of 1345789.
19, 193, 367
List the prime factors of 14598801.
3, 7, 17, 43, 317
What are the prime factors of 740411?
7, 19, 293
List the prime factors of 5215004.
2, 1303751
What are the prime factors of 4379576?
2, 19, 28813
What are the prime factors of 532152?
2, 3, 19, 389
What are the prime factors of 3033088?
2, 1481
What are the prime factors of 6526155?
3, 5, 53, 8209
List the prime factors of 108078.
2, 3, 18013
What are the prime factors of 4252778?
2, 1213, 1753
List the prime factors of 12657069.
3, 41, 34301
List the prime factors of 155786.
2, 77893
List the prime factors of 452683.
7, 11, 5879
What are the prime factors of 65070?
2, 3, 5, 241
List the prime factors of 455058.
2, 3, 53
List the prime factors of 598826.
2, 227, 1319
What are the prime factors of 99300?
2, 3, 5, 331
List the prime factors of 1192917.
3, 11, 37, 977
What are the prime factors of 225446?
2, 13, 23, 29
List the prime factors of 13608358.
2, 2521, 2699
What are the prime factors of 1180798?
2, 590399
List the prime factors of 4290368.
2, 43, 1559
What are the prime factors of 512101?
512101
List the prime factors of 280917.
3, 7, 13
List the prime factors of 451958.
2, 13, 17383
List the prime factors of 4165098.
2, 3, 7, 31, 457
List the prime factors of 182505.
3, 5, 23
List the prime factors of 133668.
2, 3, 47, 79
What are the prime factors of 2691246?
2, 3, 101, 4441
List the prime factors of 1709173.
29, 58937
List the prime factors of 194833.
23, 43, 197
What are the prime factors of 1657672?
2, 109, 1901
What are the prime factors of 3018119?
13, 179, 1297
What are the prime factors of 8762759?
79, 110921
What are the prime factors of 420769?
420769
What are the prime factors of 2389596?
2, 3, 11, 43, 421
What are the prime factors of 193532?
2, 48383
What are the prime factors of 3408551?
17, 37, 5419
List the prime factors of 2433686.
2, 17, 31, 2309
List the prime factors of 15792163.
73, 227, 953
What are the prime factors of 6220957?
109, 57073
What are the prime factors of 8498697?
3, 311, 9109
List the prime factors of 519588.
2, 3, 17, 283
What are the prime factors of 10000498?
2, 19, 263171
What are the prime factors of 1402275?
3, 5, 7, 2671
List the prime factors of 7634465.
5, 967, 1579
List the prime factors of 2257671.
3, 13, 61, 73
List the prime factors of 4312930.
2, 5, 331, 1303
List the prime factors of 10563139.
577, 18307
List the prime factors of 574221.
3, 277, 691
List the prime factors of 11768523.
3, 13, 373, 809
List the prime factors of 850870.
2, 5, 85087
What are the prime factors of 3543671?
19, 41, 4549
What are the prime factors of 398665?
5, 71, 1123
What are the prime factors of 158012?
2, 39503
List the prime factors of 14599133.
109, 151, 887
What are the prime factors of 91192?
2, 11399
List the prime factors of 2938898.
2, 101, 14549
List the prime factors of 11122396.
2, 2780599
What are the prime factors of 3873628?
2, 11, 88037
What are the prime factors of 1537566?
2, 3, 61, 4201
List the prime factors of 170949.
3, 56983
List the prime factors of 145996.
2, 17, 19, 113
What are the prime factors of 5252850?
2, 3, 5, 1297
What are the prime factors of 5550933?
3, 599, 3089
List the prime factors of 339964.
2, 84991
List the prime factors of 398506.
2, 19, 10487
List the prime factors of 6012763.
6012763
What are the prime factors of 1637575?
5, 31, 2113
What are the prime factors of 3534944?
2, 7, 43, 367
List the prime factors of 1999200.
2, 3, 5, 7, 17
List the prime factors of 1839510.
2, 3, 5, 757
What are the prime factors of 575999?
67, 8597
What are the prime factors of 1275218?
2, 7, 79, 1153
What are the prime factors of 6118153?
107, 57179
List the prime factors of 3357666.
2, 3, 13, 4783
What are the prime factors of 57056?
2, 1783
List the prime factors of 348022.
2, 37, 4703
List the prime factors of 1537979.
37, 197, 211
List the prime factors of 3581885.
5, 487, 1471
List the prime factors of 17083751.
37, 12479
List the prime factors of 203934.
2, 3, 41, 829
List the prime factors of 1313714.
2, 23, 28559
List the prime factors of 1437918.
2, 3, 47, 5099
List the prime factors of 16161222.
2, 3, 7, 11, 34981
List the prime factors of 28649753.
11, 2604523
List the prime factors of 346946.
2, 173473
What are the prime factors of 289926?
2, 3, 7, 13, 59
List the prime factors of 18667.
11, 1697
List the prime factors of 10772647.
10772647
List the prime factors of 9659012.
2, 11, 219523
List the prime factors of 6280822.
2, 661, 4751
List the prime factors of 4520890.
2, 5, 11, 73, 563
What are the prime factors of 116542?
2, 58271
List the prime factors of 7290669.
3, 2430223
List the prime factors of 6052527.
3, 13, 17, 179
What are the prime factors of 3364998?
2, 3, 7, 13, 6163
What are the prime factors of 4197226?
2, 11, 190783
What are the prime factors of 6824526?
2, 3, 31, 36691
What are the prime factors of 1238612?
2, 37, 8369
List the prime factors of 70493.
157, 449
List the prime factors of 228232.
2, 47, 607
What are the prime factors of 1422868?
2, 355717
List the prime factors of 2126197.
31, 107, 641
List the prime factors of 4334019.
3, 79, 18287
What are the prime factors of 180521?
11, 16411
What are the prime factors of 429473?
11, 39043
List the prime factors of 262382.
2, 127, 1033
What are the prime factors of 4636153?
151, 30703
What are the prime factors of 5178976?
2, 11, 14713
List the prime factors of 2856012.
2, 3, 238001
List the prime factors of 182595.
3, 5, 7, 37, 47
List the prime factors of 1977488.
2, 123593
What are the prime factors of 216785?
5, 191, 227
List the prime factors of 33847.
11, 17, 181
List the prime factors of 9321345.
3, 5, 11, 6277
What are the prime factors of 988866?
2, 3, 137, 401
What are the prime factors of 320278?
2, 7, 22877
List the prime factors of 2586552.
2, 3, 107773
List the prime factors of 984589.
17, 57917
What are the prime factors of 1066835?
5, 7, 11, 17, 163
List the prime factors of 7388812.
2, 17, 193, 563
What are the prime factors of 9598?
2, 4799
List the prime factors of 1477289.
11, 29, 421
List the prime factors of 37821.
3, 7, 1801
What are the prime factors of 17045556?
2, 3, 11, 263, 491
List the prime factors of 275479.
41, 6719
List the prime factors of 17454965.
5, 11, 317363
What are the prime factors of 5183601?
3, 359, 4813
What are the prime factors of 56389?
17, 31, 107
What are the prime factors of 1709595?
3, 5, 37991
List the prime factors of 6067258.
2, 31, 97859
What are the prime factors of 95204?
2, 23801
What are the prime factors of 41707003?
13, 246787
What are the prime factors of 1949168?
2, 13, 9371
List the prime factors of 1552923.
3, 109, 1583
What are the prime factors of 12313756?
2, 7, 13, 33829
What are the prime factors of 120929?
120929
List the prime factors of 31519778.
2, 15759889
What are the prime factors of 1262777?
17, 59, 1259
List the prime factors of 450708.
2, 3, 23, 71
What are the prime factors of 539810?
2, 5, 23, 2347
List the prime factors of 5760162.
2, 3, 320009
List the prime factors of 624274.
2, 7, 17, 43, 61
List the prime factors of 4332.
2, 3, 19
What are the prime factors of 44529151?
1597, 27883
What are the prime factors of 2260506?
2, 3, 19, 79, 251
What are the prime factors of 158956?
2, 7, 811
What are the prime factors of 1055546?
2, 521, 1013
What are the prime factors of 302209?
17, 29, 613
List the prime factors of 40291.
43, 937
List the prime factors of 28086.
2, 3, 31, 151
What are the prime factors of 24277637?
24277637
List the prime factors of 8400027.
3, 509, 5501
List the prime factors of 346674.
2, 3, 19, 3041
List the prime factors of 28492312.
2, 3561539
List the prime factors of 173041.
11, 15731
What are the prime factors of 1358209?
1358209
List the prime factors of 108039.
3, 36013
What are the prime factors of 1499982?
2, 3, 11, 22727
List the prime factors of 267582.
2, 3, 7, 23, 277
List the prime factors of 42031.
11, 3821
What are the prime factors of 711017?
711017
What are the prime factors of 19474614?
2, 3, 43, 8387
List the prime factors of 391967.
391967
What are the prime factors of 214414?
2, 47, 2281
What are the prime factors of 3984938?
2, 199